, what is 156302 - 46?
156223
In base 5, what is 10 + 2104404?
2104414
In base 13, what is 1621 + -24?
15ca
In base 3, what is 21 + 11100101?
11100122
In base 10, what is -2 - -14567?
14565
In base 8, what is -556 + -445?
-1223
In base 9, what is 1 + -2686463?
-2686462
In base 13, what is -1681 + -382?
-1a33
In base 10, what is -102 + -3891?
-3993
In base 6, what is 10225 + -535?
5250
In base 16, what is -5 + 76ecf?
76eca
In base 8, what is 10 - 56736?
-56726
In base 15, what is -1450 - -2?
-144d
In base 3, what is 10021 - -2012121?
2022212
In base 15, what is -183 - 84?
-217
In base 5, what is 0 + -4214421?
-4214421
In base 10, what is -3 + 7808?
7805
In base 12, what is a + 29b?
2a9
In base 2, what is -100010100110110111 - -1010?
-100010100110101101
In base 15, what is -3 + 461?
45d
In base 3, what is -20001011 + 11?
-20001000
In base 2, what is 10100100100111011 + -10?
10100100100111001
In base 4, what is 11 + 10202232?
10202303
In base 7, what is 250206 - -51?
250260
In base 7, what is 31 - 15105?
-15044
In base 2, what is 10011110 + 1000100001?
1010111111
In base 9, what is 1430 - -430?
1860
In base 12, what is -21643 - -1?
-21642
In base 2, what is -1100101010 - -11110?
-1100001100
In base 4, what is 2 + 113001?
113003
In base 14, what is -1002 + -16?
-1018
In base 8, what is 43 - -5741?
6004
In base 12, what is 152739 + 3?
152740
In base 15, what is 2 - -9d42?
9d44
In base 4, what is -30 + -301110?
-301200
In base 12, what is 9 + 1b20?
1b29
In base 14, what is 245 - 7b?
1a8
In base 15, what is -6 - 3890?
-3896
In base 7, what is 3 - -5253?
5256
In base 13, what is -27755 - -3?
-27752
In base 13, what is -32 - 1033?
-1065
In base 2, what is 1111010 - -1011001010101?
1011011001111
In base 16, what is -7 + 5962?
595b
In base 10, what is -412 - -477?
65
In base 6, what is 5112 + 11212?
20324
In base 16, what is 1c0c + -5?
1c07
In base 15, what is -1 - 144cc5?
-144cc6
In base 13, what is -1 + 5cb3?
5cb2
In base 10, what is -229 + 3421?
3192
In base 15, what is 2cb0 + -5?
2caa
In base 4, what is -201032 + -20022?
-221120
In base 16, what is -115 - -12?
-103
In base 3, what is 1222011002121 - 12?
1222011002102
In base 9, what is -3864 - -74?
-3780
In base 13, what is -5a165b + -1?
-5a165c
In base 3, what is 1112212211 + 122?
1112220110
In base 7, what is 5 + 5321554?
5321562
In base 14, what is -35c249 + 2?
-35c247
In base 15, what is 443d6 + 1d?
44404
In base 3, what is 211 + 1011012?
1012000
In base 13, what is 4 - 8374?
-8370
In base 14, what is -10c9 + -105?
-11d0
In base 2, what is -10101011101100010 - 1000000?
-10101011110100010
In base 14, what is 10a86 - b?
10a79
In base 3, what is 11021222021 + -21?
11021222000
In base 13, what is 45 - -8bc2?
8c37
In base 7, what is 63535 - 5?
63530
In base 15, what is 92bb + -c?
92ae
In base 13, what is -198 + -28?
-1c3
In base 11, what is -1 - -711301?
711300
In base 13, what is -683ab2 + 4?
-683aab
In base 13, what is 926ac - -9?
926b8
In base 5, what is 14444040 + 1?
14444041
In base 13, what is ab48 - -3?
ab4b
In base 8, what is 73744 + -202?
73542
In base 10, what is -4 - -32359?
32355
In base 7, what is 5 - 144230?
-144222
In base 6, what is -5 + 50244433?
50244424
In base 9, what is -180 + 438?
248
In base 3, what is 12 + 220222001?
220222020
In base 8, what is 333 - -32?
365
In base 15, what is -6 + 73a?
734
In base 16, what is -14f - -9?
-146
In base 13, what is c18b + 0?
c18b
In base 13, what is 7 - -23a74?
23a7b
In base 7, what is -14304 + 1323?
-12651
In base 5, what is -4100 - 434?
-10034
In base 8, what is 35266 + -4?
35262
In base 16, what is 6a - -20a6?
2110
In base 11, what is -131 - 2a39?
-306a
In base 2, what is 10111101000110 - 10011100?
10111010101010
In base 4, what is -32130330 - -201?
-32130123
In base 9, what is -2 - 156?
-158
In base 9, what is 2 + 356678?
356681
In base 14, what is -1ad93 + 3?
-1ad90
In base 15, what is -24cc + 115?
-23b7
In base 9, what is -50066 - 2?
-50068
In base 7, what is 32462 + -6?
32453
In base 5, what is 1112 + -104230?
-103113
In base 11, what is 324105 + 1?
324106
In base 9, what is -114716 + -13?
-114730
In base 14, what is -a1 + 37a?
2b9
In base 2, what is -11010010001100 + -11001110?
-11010101011010
In base 2, what is 1 - -10110100010010?
10110100010011
In base 2, what is -101 - 101011011000100?
-101011011001001
In base 12, what is -718 - -33?
-6a5
In base 4, what is -1001323 - -11232?
-330031
In base 11, what is -1505 + 43?
-1472
In base 16, what is -5 - 4bc9?
-4bce
In base 3, what is -212 + -1102021122?
-1102022111
In base 10, what is 1 + 431454?
431455
In base 12, what is -6 + -47a?
-484
In base 14, what is -549 + 8?
-541
In base 8, what is 406465 - 2?
406463
In base 11, what is 4337 + -927?
3510
In base 9, what is -62 + 476?
414
In base 8, what is -3255 - -13?
-3242
In base 16, what is -9a + 4b3?
419
In base 6, what is 4 - -443142?
443150
In base 11, what is -32 - 7715?
-7747
In base 15, what is -182a4 - -2?
-182a2
In base 14, what is 2 - -1826?
1828
In base 3, what is 102212102 - -10011?
102222120
In base 15, what is 0 - -32d5?
32d5
In base 4, what is -10 - -3122122?
3122112
In base 15, what is -dd3 - 128?
-100b
In base 4, what is -3212 - -2022330?
2013112
In base 6, what is 53152 + 10?
53202
In base 4, what is 2031211 + -100?
2031111
In base 16, what is b - f9f5?
-f9ea
In base 15, what is -3e7 - 9e?
-496
In base 16, what is 4 - 2460f?
-2460b
In base 6, what is 0 + 20405?
20405
In base 5, what is -12232 - -31?
-12201
In base 15, what is -3 - 242ec?
-24300
In base 10, what is -57 - 334?
-391
In base 2, what is 1 + 1110000110101010?
1110000110101011
In base 5, what is 240021 - -434?
241010
In base 3, what is 10222021101221 - 11?
10222021101210
In base 6, what is 134302143 - 3?
134302140
In base 2, what is -1100100 - -110101000?
101000100
In base 3, what is 101102011222 - -11?
101102012010
In base 6, what is 2433 + -120?
2313
In base 8, what is 15047 - -2?
15051
In base 5, what is -242322040 - -10?
-242322030
In base 13, what is 75c + 24c?
9ab
In base 3, what is -10 - 221001?
-221011
In base 6, what is 3500152 - 5?
3500143
In base 12, what is 9 - 383520?
-383513
In base 8, what is 61 - 71063?
-71002
In base 13, what is a682 - b6?
a599
In base 10, what is 1213848 - -5?
1213853
In base 10, what is -2584 - -14?
-2570
In base 10, what is -22 + -10666?
-10688
In base 10, what is -6715 + 17?
-6698
In base 2, what is 0 - -11100100110111?
11100100110111
In base 4, what is -123100 + -123?
-123223
In base 5, what is -3 - -2031322?
2031314
In base 15, what is 5748 + e?
5757
In base 8, what is 3 - -27133?
27136
In base 7, what is 4 + -222151?
-222144
In base 7, what is 4 - -240105?
240112
In base 13, what is -2806 - 4b1?
-2cb7
In base 10, what is 3 + -34328?
-34325
In base 13, what is -2898 - -9?
-288c
In base 13, what is -11 + -4c6?
-507
In base 14, what is 417 + 42?
459
In base 8, what is 12766 + 20?
13006
In base 15, what is 74 + -316?
-292
In base 3, what is -11 - 2001012110112?
-2001012110200
In base 4, what is -3 - -21132232?
21132223
In base 13, what is -2a7 + 5b?
-249
In base 16, what is 18 + -be40?
-be28
In base 8, what is 3 - 156773?
-156770
In base 11, what is -22 - -60935?
60913
In base 13, what is 2 - -2b67c3?
2b67c5
In base 10, what is 1 + -672017?
-672016
In base 4, what is 111 + 2130332?
2131103
In base 12, what is 11 + 70?
81
In base 14, what is 132 + 5?
137
In base 6, what is 214 + -1242?
-1024
In base 13, what is -63 + -9096?
-9129
In base 2, what is -10010110101 - 10010?
-10011000111
In base 15, what is 262 + -249?
18
In base 5, what is -141442 + 3?
-141434
In base 10, what is 8424 - -21?
8445
In base 16, what is -26aea + 0?
-26aea
In base 10, what is 428 + 60?
488
In base 11, what is -1a047 - 106?
-1a152
In base 9, what is -2873 + -14?
-2887
In base 13, what is 1b4 - 2b?
186
In base 11, what is -7317 + -30?
-7347
In base 5, what is -1111121 + 20?
-1111101
In base 7, what is 3621 + -154?
3434
In base 3, what is 1002102 + 101?
1002210
In base 8, what is 10345 - -12?
10357
In base 16, what is -5 - 535?
-53a
In base 2, what is -100000000011101 - 100111?
-100000001000100
In base 16, what is f1fb - 0?
f1fb
In base 11, what is -3 - 128154?
-128157
In base 16, what is -47 + -5fa2?
-5fe9
In base 8, what is -26 + 35440?
35412
In base 11